-- phpMyAdmin SQL Dump
-- version 5.2.2
-- https://www.phpmyadmin.net/
--
-- Hôte : negocel115.mysql.db
-- Généré le : jeu. 26 mars 2026 à 14:14
-- Version du serveur : 8.4.8-8
-- Version de PHP : 8.1.33

SET FOREIGN_KEY_CHECKS=0;
SET SQL_MODE = "NO_AUTO_VALUE_ON_ZERO";
START TRANSACTION;
SET time_zone = "+00:00";


/*!40101 SET @OLD_CHARACTER_SET_CLIENT=@@CHARACTER_SET_CLIENT */;
/*!40101 SET @OLD_CHARACTER_SET_RESULTS=@@CHARACTER_SET_RESULTS */;
/*!40101 SET @OLD_COLLATION_CONNECTION=@@COLLATION_CONNECTION */;
/*!40101 SET NAMES utf8mb4 */;

--
-- Base de données : `negocel115`
--


--
-- Déchargement des données de la table `decoupes`
--

INSERT INTO `decoupes` (`id`, `nom`, `image`, `created_at`, `updated_at`) VALUES
(3, 'BRA-1', '3kO1uvgK0Dq244nhIWgNLa8wQsHcAbknEAbYOiyC.jpg', '2025-07-22 08:40:19', '2025-07-22 08:40:19'),
(4, 'BRA-2', 'INGIEKXm4Q28VpWMd7JsbDt3kJSFsW0DFFjcf23o.jpg', '2025-07-22 08:40:32', '2025-07-22 08:40:32'),
(5, 'BRA-3', 'Ppl1jxp9o2bXdfjTPRLzpIXjWpIqrxb82mzZQyQH.jpg', '2025-07-22 08:40:40', '2025-07-22 08:40:40'),
(6, 'DECOUPE LASER PERSO', '3u0CkvQl2Jg2S7cdA4RNSkSHDjMII1TwDZK7DnHr.jpg', '2025-07-22 08:40:46', '2025-07-29 10:58:34'),
(7, 'FE-1', '67Nmd4OT4MrN2JQkwyhTLyAVgaZdQK4buFfrEQYt.jpg', '2025-07-22 08:40:54', '2025-07-22 08:40:54'),
(8, 'FE-2', 'xgIomgMyQrkWxy3sNsNrQVhB2PnMXho9rSqTVCWg.jpg', '2025-07-22 08:41:01', '2025-07-22 08:41:01'),
(9, 'FE-3', 'E7av4CCM8nodo3IDwYKlXo5YnPgRgJUYacgRPAZ7.jpg', '2025-07-22 08:41:09', '2025-07-22 08:41:09'),
(10, 'FE-4', 'uAmPhsZ5BzICLLCv5eIqOIoudYGyZsR7EuouynZY.jpg', '2025-07-22 08:41:16', '2025-07-22 08:41:16'),
(11, 'FRIS-1', 'ltZE73pcB7jz514B6t81xwnRbzMQJ5qM6qtLntGu.jpg', '2025-07-22 08:41:26', '2025-07-22 08:41:26'),
(12, 'GEO-1', 'zQx30gOTF7uko9KJff22wbRAAzQEZTU2E8ekA7Pw.jpg', '2025-07-22 08:41:34', '2025-07-22 08:41:34'),
(13, 'GEO-2', '3EIxqnQYKRGbKhiQgD4ub8IPbgfT4zySMf1h2AxR.jpg', '2025-07-22 08:41:42', '2025-07-22 08:41:42'),
(14, 'GEO-3', 'SwEnMttnQBoBFjSEzSK4XU45tOCSgsI36TqPMxP2.jpg', '2025-07-22 08:41:49', '2025-07-22 08:41:49'),
(15, 'PALM-1', 'rS6SCBBigapMx2kskqtA2gCE87sT8anicVus2daL.png', '2025-07-22 08:41:56', '2025-07-22 08:41:56'),
(16, 'PALM-2', 'crHPVIWKRf2fFCOjlZUtf0s6AmjccpUzFviajVRM.png', '2025-07-22 08:42:04', '2025-07-22 08:42:04'),
(17, 'PE-1', 'VSC3MaNDiADlzLX13O5WztNhmxk6Gd0uqv3wMYxO.jpg', '2025-07-22 08:42:12', '2025-07-22 08:42:12'),
(18, 'PE-2', 'mX2kI0K3tQPl2IdHvlf3kpRM55TXbA3lZHnVyFMZ.jpg', '2025-07-22 08:42:22', '2025-07-22 08:42:22'),
(19, 'ROND-1', 'ODPLMp8XdkdJWDGU6bO3lIUTRMtwocmggouVtVyq.jpg', '2025-07-22 08:42:30', '2025-07-22 08:42:30');

--
-- Déchargement des données de la table `entreprises`
--

INSERT INTO `entreprises` (`id`, `nom`, `adresse_1`, `adresse_2`, `code_postal`, `ville`, `tel`, `created_at`, `updated_at`) VALUES
(1, 'ACPORTAIL BEGAAR', 'ZA du Tucat', '', '40400', 'Begaar', '05 58 55 53 14', '2025-08-28 07:10:32', '2025-08-28 07:10:32'),
(2, 'AGRISEM', '3 rue de la roue zi de l\'enclouse', '', '17100', 'SAINTES', '05-46-74-13-59', '2025-08-28 07:10:32', '2025-08-28 07:10:32'),
(3, 'ALTEO SERVICES', '2 rue des ARTISANS', '', '40100', 'DAX', '05-58-58-58-58', '2025-08-28 07:10:32', '2025-08-28 07:10:32'),
(4, 'AQUABAT NEGOCE', '75 route de Marcadé', '', '40090', 'ST PERDON', '05-33-09-47-37', '2025-08-28 07:10:32', '2025-08-28 07:10:32'),
(5, 'ATOUT FERMETURES', '17 Avenue de Londres', '', '13127', 'VITROLLES', '04-42-49-19-17', '2025-08-28 07:10:32', '2025-08-28 07:10:32'),
(6, 'BATILAND ARMAGNAC MATERIAUX', 'ZA DE JAMON', '', '32310', 'VALENCE-SUR-BAISE', '05-58-57-05-15', '2025-08-28 07:10:32', '2025-08-28 07:10:32'),
(7, 'BATILAND BERECIARTUA MATERIAUX', '235 rue Lanzelai', '', '64310', 'ASCAIN', '05-59-85-99-99', '2025-08-28 07:10:32', '2025-08-28 07:10:32'),
(8, 'BATILAND CAMOU-HIRIBARNE', '510 chemin de Zaliondoa', '', '64240', 'HASPARREN', '05-59-29-10-57', '2025-08-28 07:10:32', '2025-08-28 07:10:32'),
(9, 'BATILAND DUMARTHERAY MATERIAUX', 'Zone de Cramat, 2 rue de Gascogne', '', '40140', 'SOUSTONS', '05-58-41-14-39', '2025-08-28 07:10:32', '2025-08-28 07:10:32'),
(10, 'BATILAND ETCHEGINTZA', '2 route du Haut Béarn', '', '64390', 'ST GLADIE ARRIVE MUNEIN', '05-59-38-51-41', '2025-08-28 07:10:32', '2025-08-28 07:10:32'),
(11, 'BATILAND ETS GUILLEMETEAU', '5 La Station', '', '16330', 'ST AMANT DE BOIXE', '05-45-39-72-06', '2025-08-28 07:10:32', '2025-08-28 07:10:32'),
(12, 'BATILAND FARGES SAS', '35 avenue Joseph Vachal - BP 24', '', '19400', 'ARGENTAT', '05-55-28-10-40', '2025-08-28 07:10:32', '2025-08-28 07:10:32'),
(13, 'BATILAND GABORIT', '59 Route de Lourdes', '', '65380', 'LAMARQUE PONTACQ', '05-59-53-50-60', '2025-08-28 07:10:32', '2025-08-28 07:10:32'),
(14, 'BATILAND LANDES MATERIAUX', '32 route des Pyrénées', '', '40180', 'NARROSSE', '05-58-74-23-41', '2025-08-28 07:10:32', '2025-08-28 07:10:32'),
(15, 'BATILAND LARROUY', 'Rue Adoue', '', '64400', 'OLORON SAINTE MARIE', '05-59-39-03-03', '2025-08-28 07:10:32', '2025-08-28 07:10:32'),
(16, 'BATILAND LAVAUD MATERIAUX', '3 rue de Tout Vent BP 24', '', '87500', 'ST YRIEIX LA PERCHE', '05-55-75-03-79', '2025-08-28 07:10:32', '2025-08-28 07:10:32'),
(17, 'BATILAND MAURIN DISTRIBUTION', 'ZA Mamoura Nord, Allée des Mesanges', '', '40090', 'ST AVIT', '05-58-75-75-72', '2025-08-28 07:10:32', '2025-08-28 07:10:32'),
(18, 'BATILAND MTX BAGNERES', '12 avenue Pascal Bagnères', '', '33610', 'CESTAS', '05-57-97-16-20', '2025-08-28 07:10:32', '2025-08-28 07:10:32'),
(19, 'BATILAND PEYRE', '76 ZI Louis', '', '64300', 'ORTHEZ', '05-59-69-93-01', '2025-08-28 07:10:32', '2025-08-28 07:10:32'),
(20, 'BATILAND POUTS-LAJUS', 'Rue des 3 fermes', '', '64510', 'BOEIL BEZING', '05-59-53-24-99', '2025-08-28 07:10:32', '2025-08-28 07:10:32'),
(21, 'BATILAND RAVET SAS', '17 routes de Saintes', '', '33820', 'ETAULIERS', '05-57-64-53-14', '2025-08-28 07:10:32', '2025-08-28 07:10:32'),
(22, 'BATILAND SABALOT MONTOULIEU', '40 avenue Aristide Briand', '', '64260', 'LOUVIE JUZON', '05-59-05-61-35', '2025-08-28 07:10:32', '2025-08-28 07:10:32'),
(23, 'BATILAND SOULARD DECAUD', '1 chemin de chez Louainet', '', '16480', 'BROSSAC', '05-45-98-70-03', '2025-08-28 07:10:32', '2025-08-28 07:10:32'),
(24, 'SARREMEJEAN', 'Rue Jean de Nasse', '', '40260', 'CASTETS', '05-58-57-57-57', '2025-08-28 07:10:32', '2025-08-28 07:10:32');

--
-- Déchargement des données de la table `inoxes`
--

INSERT INTO `inoxes` (`id`, `nom`, `created_at`, `updated_at`) VALUES
(1, 'BAN-01', '2025-07-31 09:52:58', '2025-07-31 09:52:58'),
(2, 'CAR-01', '2025-07-31 10:03:26', '2025-07-31 10:03:26'),
(4, 'LUN-01', '2025-07-31 10:07:04', '2025-07-31 10:07:04'),
(5, 'RECT-01', '2025-07-31 10:08:58', '2025-07-31 10:08:58'),
(6, 'RECT-02', '2025-07-31 10:10:27', '2025-07-31 10:10:27'),
(7, 'RECT-03', '2025-07-31 10:13:06', '2025-07-31 10:13:06'),
(8, 'RECT-04', '2025-07-31 10:14:16', '2025-07-31 10:14:16'),
(10, 'RECT-05', '2025-07-31 10:17:07', '2025-07-31 10:17:07'),
(11, 'RECT-06', '2025-07-31 10:18:38', '2025-07-31 10:18:38'),
(12, 'TRI-01', '2025-07-31 10:20:06', '2025-07-31 10:20:06'),
(13, 'TRI-02', '2025-07-31 10:21:26', '2025-07-31 10:21:26'),
(14, 'TRI-03', '2025-07-31 10:22:34', '2025-07-31 10:22:34'),
(15, 'TRI-01+BAN-01', '2025-07-31 10:23:50', '2025-07-31 10:23:50');

--
-- Déchargement des données de la table `modeles`
--

INSERT INTO `modeles` (`id`, `image`, `nom`, `categorie_id`, `prix`, `marge`, `created_at`, `updated_at`) VALUES
(1, 'nairobi-100-coulissants.jpg', 'NAIROBI 100', 1, 173, 400, '2025-05-14 04:52:35', '2025-08-07 08:07:31'),
(2, 'nairobi-100v-coulissants.jpg', 'NAIROBI 100V', 1, 173, 400, '2025-05-14 07:42:26', '2025-08-07 08:07:53'),
(3, 'nairobi-200-coulissants.jpg', 'NAIROBI 200', 1, 173, 400, '2025-05-14 07:47:17', '2025-08-07 08:08:11'),
(4, 'nairobi-200v-coulissants.jpg', 'NAIROBI 200V', 1, 173, 400, '2025-05-14 07:47:42', '2025-08-07 08:08:46'),
(5, 'nairobi-300-coulissants.jpg', 'NAIROBI 300', 1, 173, 400, '2025-05-14 07:48:17', '2025-08-07 08:09:19'),
(6, 'nairobi-300v-coulissants.jpg', 'NAIROBI 300V', 1, 173, 400, '2025-05-14 07:48:41', '2025-08-07 08:09:41'),
(7, 'berlin-coulissants.jpg', 'BERLIN', 1, 185, 500, '2025-05-14 07:50:03', '2025-08-07 08:09:58'),
(8, 'denver-coulissants.jpg', 'DENVER', 1, 173, 400, '2025-05-14 07:51:43', '2025-08-07 08:10:10'),
(9, 'tokyo-coulissants.jpg', 'TOKYO', 1, 192, 500, '2025-05-14 07:56:18', '2025-08-07 08:10:23'),
(10, 'lisbonne-coulissants.jpg', 'LISBONNE', 1, 173, 500, '2025-05-14 07:57:16', '2025-08-07 08:10:36'),
(11, 'rio-coulissants.jpg', 'RIO', 1, 240, 500, '2025-05-14 07:58:18', '2025-09-16 13:15:53'),
(12, 'nairobi-100-battants.jpg', 'NAIROBI 100', 2, 187, 400, '2025-05-14 09:46:32', '2025-08-07 08:11:19'),
(13, 'nairobi-100v-battants.jpg', 'NAIROBI 100V', 2, 187, 400, '2025-05-14 09:47:42', '2025-08-07 08:11:34'),
(14, 'nairobi-200-battants.jpg', 'NAIROBI 200', 2, 187, 400, '2025-05-14 09:48:33', '2025-08-07 08:11:52'),
(15, 'nairobi-200v-battants.jpg', 'NAIROBI 200V', 2, 187, 400, '2025-05-14 09:49:03', '2025-08-07 08:12:06'),
(16, 'nairobi-300-battants.jpg', 'NAIROBI 300', 2, 187, 400, '2025-05-14 09:49:43', '2025-08-07 08:12:54'),
(17, 'nairobi-300v-battants.jpg', 'NAIROBI 300V', 2, 187, 400, '2025-05-14 09:50:11', '2025-08-07 08:13:18'),
(18, 'berlin-battants.jpg', 'BERLIN', 2, 195, 500, '2025-05-14 09:50:55', '2025-08-07 08:13:34'),
(19, 'denver-battants.jpg', 'DENVER', 2, 187, 400, '2025-05-14 09:51:56', '2025-08-07 08:13:51'),
(20, 'tokyo-battants.jpg', 'TOKYO', 2, 212, 500, '2025-05-14 09:53:27', '2025-08-07 08:14:19'),
(21, 'lisbonne-battants.jpg', 'LISBONNE', 2, 187, 500, '2025-05-14 09:54:37', '2025-08-07 08:14:36'),
(22, 'rio-battants-68c9676bb3a16.jpg', 'RIO', 2, 260, 500, '2025-05-14 09:55:47', '2025-09-16 13:34:36'),
(23, 'nairobi-100-portillons.jpg', 'NAIROBI 100', 3, 242, 200, '2025-05-14 10:00:45', '2025-08-07 08:15:41'),
(24, 'nairobi-100v-portillons.jpg', 'NAIROBI 100V', 3, 242, 200, '2025-05-14 10:01:35', '2025-08-07 08:15:57'),
(25, 'nairobi-200-portillons.jpg', 'NAIROBI 200', 3, 242, 200, '2025-05-14 10:02:17', '2025-08-07 08:16:24'),
(26, 'nairobi-200v-portillons.jpg', 'NAIROBI 200V', 3, 242, 200, '2025-05-14 10:02:49', '2025-08-07 08:16:39'),
(27, 'nairobi-300-portillons.jpg', 'NAIROBI 300', 3, 242, 200, '2025-05-14 10:03:33', '2025-08-07 08:17:09'),
(28, 'nairobi-300v-portillons.jpg', 'NAIROBI 300V', 3, 242, 200, '2025-05-14 10:03:52', '2025-08-07 08:17:22'),
(29, 'berlin-portillons.jpg', 'BERLIN', 3, 250, 200, '2025-05-14 10:04:30', '2025-08-07 08:17:44'),
(30, 'denver-portillons.jpg', 'DENVER', 3, 242, 200, '2025-05-14 10:05:07', '2025-08-07 08:17:58'),
(31, 'tokyo-portillons.jpg', 'TOKYO', 3, 105, 250, '2025-05-14 10:07:04', '2025-08-07 08:18:14'),
(32, 'lisbonne-portillons.jpg', 'LISBONNE', 3, 250, 300, '2025-05-14 10:08:36', '2025-08-07 08:18:26'),
(33, 'rio-portillons.jpg', 'RIO', 3, 290, 250, '2025-05-14 10:09:29', '2025-09-16 13:15:59'),
(34, 'cache-profil-profils.jpg', 'CACHE PROFIL', 5, 15.37, 0, '2025-07-04 10:01:05', '2025-08-07 07:58:51'),
(35, 'lame-70-mm-ouv-70x20-ep-12-mm-profils.jpg', 'LAME 70 MM OUV 70x20 EP 1.2 MM', 5, 33.64, 0, '2025-07-04 12:06:58', '2025-08-07 07:59:20'),
(36, 'lame-100-mm-f-100x20-ep-13-mm-profils.jpg', 'LAME 100 MM F 100x20 EP 1.3 MM', 5, 53.35, 0, '2025-07-04 11:32:54', '2025-08-07 08:00:03'),
(37, 'lame-100-mm-m-100x20-ep-13-mm-profils.jpg', 'LAME 100 MM M 100x20 EP 1.3 MM', 5, 53.62, 0, '2025-07-04 11:33:27', '2025-08-07 08:04:07'),
(38, 'lame-100-mm-mf-100x20-ep-13-mm-profils.jpg', 'LAME 100 MM M/F 100x20 EP 1.3 MM', 5, 57.58, 0, '2025-07-04 11:34:15', '2025-08-07 08:03:33'),
(39, 'lame-100-mm-ouv-100x20-ep-13-mm-profils.jpg', 'LAME 100 MM OUV 100x20 EP 1.3 MM', 5, 55.24, 0, '2025-07-04 11:34:47', '2025-08-07 08:02:01'),
(40, 'lame-200-mm-f-200x20-ep-13-mm-profils.jpg', 'LAME 200 MM F 200x20 EP 1.3 MM', 5, 94.52, 0, '2025-07-04 11:35:37', '2025-08-07 08:01:38'),
(41, 'lame-200-mm-m-200x20-ep-13-mm-profils.jpg', 'LAME 200 MM M 200x20 EP 1.3 MM', 5, 94.89, 0, '2025-07-04 11:36:09', '2025-08-07 08:01:09'),
(42, 'lame-200-mm-mf-200x20-ep-13-mm-profils.jpg', 'LAME 200 MM M/F 200x20 EP 1.3 MM', 5, 99.51, 0, '2025-07-04 11:36:50', '2025-08-07 08:00:52'),
(43, 'lame-200-mm-ouv-100x20-ep-13-mm-profils.jpg', 'LAME 200 MM OUV 100x20 EP 1.3 MM', 5, 91.82, 0, '2025-07-04 11:37:15', '2025-08-07 08:00:20'),
(44, 'lame-300-mm-mf-200x20-ep-13-mm-profils.jpg', 'LAME 300 MM M/F 200x20 EP 1.3 MM', 5, 150.29, 0, '2025-07-04 11:40:27', '2025-08-07 07:58:38'),
(45, 'chapeau-profils.jpg', 'CHAPEAU', 5, 11.98, 0, '2025-07-04 12:11:39', '2025-08-07 07:58:15'),
(46, 'sabot-profils.jpg', 'SABOT', 5, 13.44, 0, '2025-07-04 12:11:54', '2025-08-07 07:58:02'),
(47, 'poteau-cloture-profils.jpg', 'POTEAU CLÔTURE', 5, 100.08, 0, '2025-07-04 12:12:07', '2025-08-07 07:57:33'),
(48, 'baionnette-profils.jpg', 'BAIONNETTE', 5, 27, 0, '2025-07-08 09:39:58', '2025-08-07 07:57:17'),
(49, 'sabot-de-sol-profils.jpg', 'SABOT DE SOL', 5, 29, 0, '2025-07-08 09:40:29', '2025-08-07 07:56:40'),
(59, 'denver-cloture-aluminium.jpg', 'DENVER', 4, 0, 0, '2025-08-28 07:03:37', '2025-09-16 12:11:52'),
(60, 'nairobi-300-cloture-aluminium.jpg', 'NAIROBI 300', 4, 0, 0, '2025-08-28 07:03:56', '2025-09-16 12:11:28'),
(61, 'nairobi-100-cloture-aluminium.jpg', 'NAIROBI 100', 4, 0, 0, '2025-08-28 07:05:02', '2025-09-16 12:10:57'),
(62, 'nairobi-200-cloture-aluminium.jpg', 'NAIROBI 200', 4, 0, 0, '2025-08-28 07:05:23', '2025-09-16 12:11:12'),
(63, 'poteau-150-chapeau-poteau-au-detail.jpg', 'POTEAU 150 CHAPEAU', 6, 80, 0, '2025-08-29 07:04:02', '2025-08-29 07:04:02'),
(64, 'poteau-150-seul-poteau-au-detail.jpg', 'POTEAU 150 SEUL', 6, 80, 0, '2025-08-29 07:04:44', '2025-08-29 07:04:44'),
(65, 'poteau-150-chapeau-platine-poteau-au-detail.jpg', 'POTEAU 150 CHAPEAU PLATINE', 6, 155, 0, '2025-09-01 07:59:13', '2025-09-01 13:01:21'),
(66, 'persienne-cloture-aluminium.jpg', 'PERSIENNE', 4, 0, 0, '2025-09-08 13:01:22', '2025-09-16 12:12:12'),
(67, 'berlin-cloture-aluminium.jpg', 'BERLIN', 4, 0, 0, '2025-09-16 12:12:31', '2025-09-16 12:12:31'),
(68, 'rio-battants-68c96782a42ad.jpg', 'RIO', 2, 260, 500, '2025-09-16 13:19:18', '2025-09-16 13:34:58'),
(69, 'rio-coulissants-68c967c34f354.jpg', 'RIO', 1, 240, 500, '2025-09-16 13:36:03', '2025-09-16 13:36:03'),
(70, 'rio-cloture-aluminium-68c967d75a602.jpg', 'RIO', 3, 290, 250, '2025-09-16 13:36:23', '2025-09-16 13:36:23');

--
-- Déchargement des données de la table `modele_decoupe`
--

INSERT INTO `modele_decoupe` (`modele_id`, `decoupe_id`) VALUES
(11, 19),
(22, 19),
(33, 19),
(11, 18),
(22, 18),
(33, 18),
(11, 17),
(22, 17),
(33, 17),
(11, 16),
(22, 16),
(33, 16),
(11, 15),
(22, 15),
(33, 15),
(11, 14),
(22, 14),
(33, 14),
(11, 13),
(22, 13),
(33, 13),
(11, 12),
(22, 12),
(33, 12),
(11, 11),
(22, 11),
(33, 11),
(11, 10),
(22, 10),
(33, 10),
(11, 9),
(22, 9),
(33, 9),
(11, 8),
(22, 8),
(33, 8),
(11, 7),
(22, 7),
(33, 7),
(11, 6),
(22, 6),
(33, 6),
(11, 5),
(22, 5),
(33, 5),
(11, 4),
(22, 4),
(33, 4),
(11, 3),
(22, 3),
(33, 3),
(69, 19),
(68, 19),
(70, 19),
(69, 3),
(68, 3),
(70, 3),
(69, 18),
(68, 18),
(70, 18),
(69, 16),
(68, 16),
(70, 16),
(69, 17),
(68, 17),
(70, 17),
(69, 15),
(68, 15),
(70, 15),
(69, 4),
(68, 4),
(70, 4),
(69, 5),
(68, 5),
(70, 5),
(69, 6),
(68, 6),
(70, 6),
(69, 7),
(68, 7),
(70, 7),
(69, 8),
(68, 8),
(70, 8),
(69, 9),
(68, 9),
(70, 9),
(69, 10),
(68, 10),
(70, 10),
(69, 14),
(68, 14),
(70, 14),
(69, 13),
(68, 13),
(70, 13),
(69, 11),
(68, 11),
(70, 11),
(69, 12),
(68, 12),
(70, 12);

--
-- Déchargement des données de la table `modele_inox`
--

INSERT INTO `modele_inox` (`inox_id`, `modele_id`, `image`, `prix`, `created_at`, `updated_at`) VALUES
(1, 1, 'nairobi-100-coulissants-ban-01.jpg', 100, '2025-07-31 09:52:59', '2025-07-31 09:52:59'),
(1, 12, 'nairobi-100-battants-ban-01.jpg', 100, '2025-07-31 09:53:00', '2025-07-31 09:53:00'),
(1, 23, 'nairobi-100-portillons-ban-01.jpg', 100, '2025-07-31 09:53:00', '2025-07-31 09:53:00'),
(1, 3, 'nairobi-200-coulissants-ban-01.jpg', 100, '2025-07-31 09:53:01', '2025-07-31 09:53:01'),
(1, 14, 'nairobi-200-battants-ban-01.jpg', 100, '2025-07-31 09:53:01', '2025-07-31 09:53:01'),
(1, 25, 'nairobi-200-portillons-ban-01.jpg', 100, '2025-07-31 09:53:02', '2025-07-31 09:53:02'),
(1, 5, 'nairobi-300-coulissants-ban-01.jpg', 100, '2025-07-31 09:53:03', '2025-07-31 09:53:03'),
(1, 16, 'nairobi-300-battants-ban-01.jpg', 100, '2025-07-31 09:53:03', '2025-07-31 09:53:03'),
(1, 27, 'nairobi-300-portillons-ban-01.jpg', 100, '2025-07-31 09:53:04', '2025-07-31 09:53:04'),
(2, 12, 'nairobi-100-battants-car-01.jpg', 100, '2025-07-31 10:03:26', '2025-07-31 10:03:26'),
(2, 1, 'nairobi-100-coulissants-car-01.jpg', 100, '2025-07-31 10:03:27', '2025-07-31 10:03:27'),
(2, 23, 'nairobi-100-portillons-car-01.jpg', 100, '2025-07-31 10:03:27', '2025-07-31 10:03:27'),
(2, 14, 'nairobi-200-battants-car-01.jpg', 100, '2025-07-31 10:03:28', '2025-07-31 10:03:28'),
(2, 3, 'nairobi-200-coulissants-car-01.jpg', 100, '2025-07-31 10:03:29', '2025-07-31 10:03:29'),
(2, 25, 'nairobi-200-portillons-car-01.jpg', 100, '2025-07-31 10:03:29', '2025-07-31 10:03:29'),
(2, 5, 'nairobi-300-coulissants-car-01.jpg', 100, '2025-07-31 10:03:30', '2025-07-31 10:03:30'),
(2, 16, 'nairobi-300-battants-car-01.jpg', 100, '2025-07-31 10:03:30', '2025-07-31 10:03:30'),
(2, 27, 'nairobi-300-portillons-car-01.jpg', 100, '2025-07-31 10:03:31', '2025-07-31 10:03:31'),
(4, 27, 'nairobi-300-portillons-lun-01.jpg', 100, '2025-07-31 10:07:10', '2025-07-31 10:07:10'),
(4, 16, 'nairobi-300-battants-lun-01.jpg', 100, '2025-07-31 10:07:09', '2025-07-31 10:07:09'),
(4, 5, 'nairobi-300-coulissants-lun-01.jpg', 100, '2025-07-31 10:07:08', '2025-07-31 10:07:08'),
(4, 25, 'nairobi-200-portillons-lun-01.jpg', 100, '2025-07-31 10:07:08', '2025-07-31 10:07:08'),
(4, 14, 'nairobi-200-battants-lun-01.jpg', 100, '2025-07-31 10:07:07', '2025-07-31 10:07:07'),
(4, 3, 'nairobi-200-coulissants-lun-01.jpg', 100, '2025-07-31 10:07:07', '2025-07-31 10:07:07'),
(4, 23, 'nairobi-100-portillons-lun-01.jpg', 100, '2025-07-31 10:07:06', '2025-07-31 10:07:06'),
(4, 12, 'nairobi-100-battants-lun-01.jpg', 100, '2025-07-31 10:07:05', '2025-07-31 10:07:05'),
(4, 1, 'nairobi-100-coulissants-lun-01.jpg', 100, '2025-07-31 10:07:05', '2025-07-31 10:07:05'),
(5, 1, 'nairobi-100-coulissants-rect-01.jpg', 100, '2025-07-31 10:08:59', '2025-07-31 10:08:59'),
(5, 12, 'nairobi-100-battants-rect-01.jpg', 100, '2025-07-31 10:08:59', '2025-07-31 10:08:59'),
(5, 23, 'nairobi-100-portillons-rect-01.jpg', 100, '2025-07-31 10:09:00', '2025-07-31 10:09:00'),
(5, 3, 'nairobi-200-coulissants-rect-01.jpg', 100, '2025-07-31 10:09:00', '2025-07-31 10:09:00'),
(5, 14, 'nairobi-200-battants-rect-01.jpg', 100, '2025-07-31 10:09:01', '2025-07-31 10:09:01'),
(5, 25, 'nairobi-200-portillons-rect-01.jpg', 100, '2025-07-31 10:09:02', '2025-07-31 10:09:02'),
(5, 5, 'nairobi-300-coulissants-rect-01.jpg', 100, '2025-07-31 10:09:02', '2025-07-31 10:09:02'),
(5, 16, 'nairobi-300-battants-rect-01.jpg', 100, '2025-07-31 10:09:03', '2025-07-31 10:09:03'),
(5, 27, 'nairobi-300-portillons-rect-01.jpg', 100, '2025-07-31 10:09:04', '2025-07-31 10:09:04'),
(6, 1, 'nairobi-100-coulissants-rect-02.jpg', 100, '2025-07-31 10:10:27', '2025-07-31 10:10:27'),
(6, 12, 'nairobi-100-battants-rect-02.jpg', 100, '2025-07-31 10:10:28', '2025-07-31 10:10:28'),
(6, 23, 'nairobi-100-portillons-rect-02.jpg', 100, '2025-07-31 10:10:28', '2025-07-31 10:10:28'),
(6, 3, 'nairobi-200-coulissants-rect-02.jpg', 100, '2025-07-31 10:10:29', '2025-07-31 10:10:29'),
(6, 14, 'nairobi-200-battants-rect-02.jpg', 100, '2025-07-31 10:10:30', '2025-07-31 10:10:30'),
(6, 25, 'nairobi-200-portillons-rect-02.jpg', 100, '2025-07-31 10:10:30', '2025-07-31 10:10:30'),
(6, 5, 'nairobi-300-coulissants-rect-02.jpg', 100, '2025-07-31 10:10:31', '2025-07-31 10:10:31'),
(6, 16, 'nairobi-300-battants-rect-02.jpg', 100, '2025-07-31 10:10:31', '2025-07-31 10:10:31'),
(6, 27, 'nairobi-300-portillons-rect-02.jpg', 100, '2025-07-31 10:10:32', '2025-07-31 10:10:32'),
(7, 1, 'nairobi-100-coulissants-rect-03.jpg', 100, '2025-07-31 10:13:06', '2025-07-31 10:13:06'),
(7, 12, 'nairobi-100-battants-rect-03.jpg', 100, '2025-07-31 10:13:07', '2025-07-31 10:13:07'),
(7, 23, 'nairobi-100-portillons-rect-03.jpg', 100, '2025-07-31 10:13:07', '2025-07-31 10:13:07'),
(7, 3, 'nairobi-200-coulissants-rect-03.jpg', 100, '2025-07-31 10:13:08', '2025-07-31 10:13:08'),
(7, 14, 'nairobi-200-battants-rect-03.jpg', 100, '2025-07-31 10:13:09', '2025-07-31 10:13:09'),
(7, 25, 'nairobi-200-portillons-rect-03.jpg', 100, '2025-07-31 10:13:09', '2025-07-31 10:13:09'),
(7, 5, 'nairobi-300-coulissants-rect-03.jpg', 100, '2025-07-31 10:13:10', '2025-07-31 10:13:10'),
(7, 16, 'nairobi-300-battants-rect-03.jpg', 100, '2025-07-31 10:13:10', '2025-07-31 10:13:10'),
(7, 27, 'nairobi-300-portillons-rect-03.jpg', 100, '2025-07-31 10:13:11', '2025-07-31 10:13:11'),
(8, 1, 'nairobi-100-coulissants-rect-04.jpg', 100, '2025-07-31 10:14:17', '2025-07-31 10:14:17'),
(8, 12, 'nairobi-100-battants-rect-04.jpg', 100, '2025-07-31 10:14:18', '2025-07-31 10:14:18'),
(8, 23, 'nairobi-100-portillons-rect-04.jpg', 100, '2025-07-31 10:14:18', '2025-07-31 10:14:18'),
(8, 3, 'nairobi-200-coulissants-rect-04.jpg', 100, '2025-07-31 10:14:19', '2025-07-31 10:14:19'),
(8, 14, 'nairobi-200-battants-rect-04.jpg', 100, '2025-07-31 10:14:19', '2025-07-31 10:14:19'),
(8, 25, 'nairobi-200-portillons-rect-04.jpg', 100, '2025-07-31 10:14:20', '2025-07-31 10:14:20'),
(8, 5, 'nairobi-300-coulissants-rect-04.jpg', 100, '2025-07-31 10:14:21', '2025-07-31 10:14:21'),
(8, 16, 'nairobi-300-battants-rect-04.jpg', 100, '2025-07-31 10:14:21', '2025-07-31 10:14:21'),
(8, 27, 'nairobi-300-portillons-rect-04.jpg', 100, '2025-07-31 10:14:22', '2025-07-31 10:14:22'),
(10, 5, 'nairobi-300-coulissants-rect-05.jpg', 100, '2025-07-31 10:17:11', '2025-07-31 10:17:11'),
(10, 25, 'nairobi-200-portillons-rect-05.jpg', 100, '2025-07-31 10:17:11', '2025-07-31 10:17:11'),
(10, 14, 'nairobi-200-battants-rect-05.jpg', 100, '2025-07-31 10:17:10', '2025-07-31 10:17:10'),
(10, 3, 'nairobi-200-coulissants-rect-05.jpg', 100, '2025-07-31 10:17:09', '2025-07-31 10:17:09'),
(10, 23, 'nairobi-100-portillons-rect-05.jpg', 100, '2025-07-31 10:17:09', '2025-07-31 10:17:09'),
(10, 12, 'nairobi-100-battants-rect-05.jpg', 100, '2025-07-31 10:17:08', '2025-07-31 10:17:08'),
(10, 1, 'nairobi-100-coulissants-rect-05.jpg', 100, '2025-07-31 10:17:08', '2025-07-31 10:17:08'),
(10, 16, 'nairobi-300-battants-rect-05.jpg', 100, '2025-07-31 10:17:12', '2025-07-31 10:17:12'),
(10, 27, 'nairobi-300-portillons-rect-05.jpg', 100, '2025-07-31 10:17:12', '2025-07-31 10:17:12'),
(11, 1, 'nairobi-100-coulissants-rect-06.jpg', 100, '2025-07-31 10:18:38', '2025-07-31 10:18:38'),
(11, 12, 'nairobi-100-battants-rect-06.jpg', 100, '2025-07-31 10:18:39', '2025-07-31 10:18:39'),
(11, 23, 'nairobi-100-portillons-rect-06.jpg', 100, '2025-07-31 10:18:39', '2025-07-31 10:18:39'),
(11, 3, 'nairobi-200-coulissants-rect-06.jpg', 100, '2025-07-31 10:18:40', '2025-07-31 10:18:40'),
(11, 14, 'nairobi-200-battants-rect-06.jpg', 100, '2025-07-31 10:18:40', '2025-07-31 10:18:40'),
(11, 25, 'nairobi-200-portillons-rect-06.jpg', 100, '2025-07-31 10:18:41', '2025-07-31 10:18:41'),
(11, 5, 'nairobi-300-coulissants-rect-06.jpg', 100, '2025-07-31 10:18:42', '2025-07-31 10:18:42'),
(11, 16, 'nairobi-300-battants-rect-06.jpg', 100, '2025-07-31 10:18:42', '2025-07-31 10:18:42'),
(11, 27, 'nairobi-300-portillons-rect-06.jpg', 100, '2025-07-31 10:18:43', '2025-07-31 10:18:43'),
(12, 1, 'nairobi-100-coulissants-tri-01.jpg', 100, '2025-07-31 10:20:07', '2025-07-31 10:20:07'),
(12, 12, 'nairobi-100-battants-tri-01.jpg', 100, '2025-07-31 10:20:07', '2025-07-31 10:20:07'),
(12, 23, 'nairobi-100-portillons-tri-01.jpg', 100, '2025-07-31 10:20:08', '2025-07-31 10:20:08'),
(12, 3, 'nairobi-200-coulissants-tri-01.jpg', 100, '2025-07-31 10:20:08', '2025-07-31 10:20:08'),
(12, 14, 'nairobi-200-battants-tri-01.jpg', 100, '2025-07-31 10:20:09', '2025-07-31 10:20:09'),
(12, 25, 'nairobi-200-portillons-tri-01.jpg', 100, '2025-07-31 10:20:09', '2025-07-31 10:20:09'),
(12, 5, 'nairobi-300-coulissants-tri-01.jpg', 100, '2025-07-31 10:20:10', '2025-07-31 10:20:10'),
(12, 16, 'nairobi-300-battants-tri-01.jpg', 100, '2025-07-31 10:20:11', '2025-07-31 10:20:11'),
(12, 27, 'nairobi-300-portillons-tri-01.jpg', 100, '2025-07-31 10:20:11', '2025-07-31 10:20:11'),
(13, 1, 'nairobi-100-coulissants-tri-02.jpg', 100, '2025-07-31 10:21:27', '2025-07-31 10:21:27'),
(13, 12, 'nairobi-100-battants-tri-02.jpg', 100, '2025-07-31 10:21:27', '2025-07-31 10:21:27'),
(13, 23, 'nairobi-100-portillons-tri-02.jpg', 100, '2025-07-31 10:21:28', '2025-07-31 10:21:28'),
(13, 3, 'nairobi-200-coulissants-tri-02.jpg', 100, '2025-07-31 10:21:28', '2025-07-31 10:21:28'),
(13, 14, 'nairobi-200-battants-tri-02.jpg', 100, '2025-07-31 10:21:29', '2025-07-31 10:21:29'),
(13, 25, 'nairobi-200-portillons-tri-02.jpg', 100, '2025-07-31 10:21:30', '2025-07-31 10:21:30'),
(13, 5, 'nairobi-300-coulissants-tri-02.jpg', 100, '2025-07-31 10:21:30', '2025-07-31 10:21:30'),
(13, 16, 'nairobi-300-battants-tri-02.jpg', 100, '2025-07-31 10:21:31', '2025-07-31 10:21:31'),
(13, 27, 'nairobi-300-portillons-tri-02.jpg', 100, '2025-07-31 10:21:31', '2025-07-31 10:21:31'),
(14, 1, 'nairobi-100-coulissants-tri-03.jpg', 100, '2025-07-31 10:22:35', '2025-07-31 10:22:35'),
(14, 12, 'nairobi-100-battants-tri-03.jpg', 100, '2025-07-31 10:22:36', '2025-07-31 10:22:36'),
(14, 23, 'nairobi-100-portillons-tri-03.jpg', 100, '2025-07-31 10:22:36', '2025-07-31 10:22:36'),
(14, 3, 'nairobi-200-coulissants-tri-03.jpg', 100, '2025-07-31 10:22:37', '2025-07-31 10:22:37'),
(14, 14, 'nairobi-200-battants-tri-03.jpg', 100, '2025-07-31 10:22:37', '2025-07-31 10:22:37'),
(14, 25, 'nairobi-200-portillons-tri-03.jpg', 100, '2025-07-31 10:22:38', '2025-07-31 10:22:38'),
(14, 5, 'nairobi-300-coulissants-tri-03.jpg', 100, '2025-07-31 10:22:38', '2025-07-31 10:22:38'),
(14, 16, 'nairobi-300-battants-tri-03.jpg', 100, '2025-07-31 10:22:39', '2025-07-31 10:22:39'),
(14, 27, 'nairobi-300-portillons-tri-03.jpg', 100, '2025-07-31 10:22:40', '2025-07-31 10:22:40'),
(15, 1, 'nairobi-100-coulissants-tri-01ban-01.jpg', 100, '2025-07-31 10:23:50', '2025-07-31 10:23:50'),
(15, 12, 'nairobi-100-battants-tri-01ban-01.jpg', 100, '2025-07-31 10:23:51', '2025-07-31 10:23:51'),
(15, 3, 'nairobi-200-coulissants-tri-01ban-01.jpg', 100, '2025-07-31 10:23:52', '2025-07-31 10:23:52'),
(15, 14, 'nairobi-200-battants-tri-01ban-01.jpg', 100, '2025-07-31 10:23:52', '2025-07-31 10:23:52'),
(15, 5, 'nairobi-300-coulissants-tri-01ban-01.jpg', 100, '2025-07-31 10:23:53', '2025-07-31 10:23:53'),
(15, 16, 'nairobi-300-battants-tri-01ban-01.jpg', 100, '2025-07-31 10:23:53', '2025-07-31 10:23:53');

--
-- Déchargement des données de la table `modele_role`
--

INSERT INTO `modele_role` (`modele_id`, `role_id`) VALUES
(1, 2),
(1, 5),
(1, 7),
(1, 3),
(1, 6),
(1, 4),
(2, 2),
(2, 7),
(2, 5),
(2, 3),
(2, 6),
(2, 4),
(3, 4),
(3, 6),
(3, 3),
(3, 7),
(3, 2),
(3, 5),
(4, 2),
(5, 4),
(5, 6),
(5, 3),
(5, 7),
(5, 2),
(5, 5),
(6, 4),
(6, 6),
(6, 3),
(6, 7),
(6, 2),
(6, 5),
(7, 4),
(7, 6),
(7, 3),
(7, 7),
(7, 2),
(7, 5),
(8, 4),
(8, 6),
(8, 3),
(8, 7),
(8, 2),
(8, 5),
(9, 4),
(9, 6),
(9, 3),
(9, 7),
(9, 2),
(9, 5),
(10, 4),
(10, 6),
(10, 3),
(10, 7),
(10, 2),
(10, 5),
(11, 4),
(12, 4),
(12, 6),
(12, 3),
(12, 7),
(12, 2),
(12, 5),
(13, 4),
(13, 6),
(13, 3),
(13, 7),
(13, 2),
(13, 5),
(14, 4),
(14, 6),
(14, 3),
(14, 7),
(14, 2),
(14, 5),
(15, 4),
(15, 6),
(15, 3),
(15, 7),
(15, 2),
(15, 5),
(16, 4),
(16, 6),
(16, 3),
(16, 7),
(16, 2),
(16, 5),
(17, 4),
(17, 6),
(17, 3),
(17, 7),
(17, 2),
(17, 5),
(18, 4),
(18, 6),
(18, 3),
(18, 7),
(18, 2),
(18, 5),
(19, 4),
(19, 6),
(19, 3),
(19, 7),
(19, 2),
(19, 5),
(20, 4),
(20, 6),
(20, 3),
(20, 7),
(20, 2),
(20, 5),
(21, 4),
(21, 6),
(21, 3),
(21, 7),
(21, 2),
(21, 5),
(22, 4),
(23, 4),
(23, 6),
(23, 3),
(23, 7),
(23, 2),
(23, 5),
(24, 4),
(24, 6),
(24, 3),
(24, 7),
(24, 2),
(24, 5),
(25, 4),
(25, 6),
(25, 3),
(25, 7),
(25, 2),
(25, 5),
(26, 4),
(26, 6),
(26, 3),
(26, 7),
(26, 2),
(26, 5),
(27, 4),
(27, 6),
(27, 3),
(27, 7),
(27, 2),
(27, 5),
(28, 4),
(28, 6),
(28, 3),
(28, 7),
(28, 2),
(28, 5),
(29, 4),
(29, 6),
(29, 3),
(29, 7),
(29, 2),
(29, 5),
(30, 4),
(30, 6),
(30, 3),
(30, 7),
(30, 2),
(30, 5),
(33, 4),
(32, 4),
(32, 6),
(32, 3),
(32, 7),
(32, 2),
(32, 5),
(31, 4),
(31, 6),
(31, 3),
(31, 7),
(31, 2),
(31, 5),
(34, 4),
(34, 6),
(34, 3),
(34, 7),
(34, 2),
(34, 5),
(51, 4),
(51, 6),
(51, 3),
(51, 7),
(51, 2),
(51, 5),
(50, 4),
(50, 6),
(50, 3),
(50, 7),
(50, 2),
(50, 5),
(49, 4),
(49, 6),
(49, 3),
(49, 7),
(49, 2),
(49, 5),
(44, 4),
(44, 6),
(44, 3),
(44, 7),
(44, 2),
(44, 5),
(43, 4),
(43, 6),
(43, 3),
(43, 7),
(43, 2),
(43, 5),
(42, 4),
(42, 6),
(42, 3),
(42, 7),
(42, 2),
(42, 5),
(41, 4),
(41, 6),
(41, 3),
(41, 7),
(41, 2),
(41, 5),
(40, 4),
(40, 6),
(40, 3),
(40, 7),
(40, 2),
(40, 5),
(39, 4),
(39, 6),
(39, 3),
(39, 7),
(39, 2),
(39, 5),
(38, 4),
(38, 6),
(38, 3),
(38, 7),
(38, 2),
(38, 5),
(37, 4),
(37, 6),
(37, 3),
(37, 7),
(37, 2),
(37, 5),
(36, 4),
(36, 6),
(36, 3),
(36, 7),
(36, 2),
(36, 5),
(35, 4),
(35, 6),
(35, 3),
(35, 7),
(35, 2),
(35, 5),
(4, 7),
(4, 6),
(50, 8),
(51, 8),
(4, 5),
(4, 3),
(4, 4),
(50, 9),
(51, 9),
(57, 4),
(57, 6),
(57, 3),
(57, 7),
(57, 2),
(57, 5),
(58, 4),
(58, 6),
(58, 3),
(58, 7),
(58, 2),
(58, 5),
(45, 4),
(45, 6),
(45, 3),
(45, 7),
(45, 2),
(45, 5),
(48, 4),
(48, 6),
(48, 3),
(48, 7),
(48, 2),
(48, 5),
(47, 4),
(47, 6),
(47, 3),
(47, 7),
(47, 2),
(47, 5),
(46, 4),
(46, 6),
(46, 3),
(46, 7),
(46, 2),
(46, 5),
(59, 4),
(59, 6),
(59, 3),
(59, 7),
(59, 2),
(59, 5),
(60, 4),
(60, 6),
(60, 3),
(60, 7),
(60, 2),
(60, 5),
(61, 4),
(61, 6),
(61, 3),
(61, 7),
(61, 2),
(61, 5),
(62, 4),
(62, 6),
(62, 3),
(62, 7),
(62, 2),
(62, 5),
(63, 4),
(63, 6),
(63, 3),
(63, 7),
(63, 2),
(63, 5),
(64, 4),
(64, 6),
(64, 3),
(64, 7),
(64, 2),
(64, 5),
(65, 4),
(65, 6),
(65, 3),
(65, 7),
(65, 2),
(65, 5),
(66, 4),
(66, 6),
(66, 3),
(66, 7),
(66, 2),
(66, 5),
(67, 4),
(67, 6),
(67, 3),
(67, 7),
(67, 2),
(67, 5),
(11, 6),
(11, 3),
(11, 7),
(11, 5),
(22, 6),
(22, 3),
(22, 7),
(22, 5),
(33, 6),
(33, 3),
(33, 7),
(33, 5),
(68, 2),
(69, 2),
(70, 2);

--
-- Déchargement des données de la table `roles`
--

INSERT INTO `roles` (`id`, `nom`, `created_at`, `updated_at`) VALUES
(1, 'ADMINISTRATEUR', '2025-07-07 08:51:04', '2025-07-07 08:51:04'),
(2, 'BATILAND', '2025-07-07 08:51:04', '2025-07-07 08:51:04'),
(3, 'AQUABAT', '2025-07-07 08:51:04', '2025-07-07 08:51:04'),
(4, 'AGRISEM', '2025-07-07 08:51:04', '2025-07-07 08:51:04'),
(5, 'SARREMEJEAN', '2025-07-07 08:51:04', '2025-07-07 08:51:04'),
(6, 'ALTEO SERVICES', '2025-07-07 08:51:04', '2025-07-07 08:51:04'),
(7, 'ATOUT FERMETURES', '2025-07-07 08:51:04', '2025-07-07 08:51:04'),
(8, 'ÉDITEUR', '2025-07-07 09:17:55', '2025-07-07 09:17:55');

--
-- Déchargement des données de la table `telechargements`
--

INSERT INTO `telechargements` (`id`, `nom`, `pdf`, `created_at`, `updated_at`) VALUES
(1, 'Prise commande client', '1747378571.pdf', '2025-05-16 06:56:11', '2025-05-16 06:56:11'),
(2, 'Prise commande interactif', '1747378597.pdf', '2025-05-16 06:56:37', '2025-05-16 06:57:06');

--
-- Déchargement des données de la table `telechargement_role`
--

INSERT INTO `telechargement_role` (`telechargement_id`, `role_id`) VALUES
(1, 2),
(2, 2);
SET FOREIGN_KEY_CHECKS=1;
COMMIT;

/*!40101 SET CHARACTER_SET_CLIENT=@OLD_CHARACTER_SET_CLIENT */;
/*!40101 SET CHARACTER_SET_RESULTS=@OLD_CHARACTER_SET_RESULTS */;
/*!40101 SET COLLATION_CONNECTION=@OLD_COLLATION_CONNECTION */;
